pose 717 = 4*h + 3*g - 190, 4*g - 4 = 0. Calculate the remainder when h is divided by 18.
10
Let i = 6962 + -6574. Calculate the remainder when i is divided by 52.
24
Suppose -27 = -2*h + 193. Suppose 5*w = h + 90. Suppose 13*d - 9*d = w. Calculate the remainder when 55 is divided by d.
5
Suppose -4*l - k = -112, -315 = -4*l + 5*k - 227. What is the remainder when 240 is divided by l?
24
Suppose -20*l + 18174 = 1291 - 2657. Calculate the remainder when l is divided by 123.
116
Let t = 86 + -78. Suppose t*g - 704 - 1744 = 0. What is the remainder when g is divided by 28?
26
Suppose 5*s = 187 + 48. Suppose -27*a + 50*a = -28*a + 1377. Calculate the remainder when s is divided by a.
20
Suppose 6*s + 679 = -137. Let o(z) = -z**2 + 25*z - 10. Let x be o(15). Let b = x + s. Calculate the remainder when 14 is divided by b.
2
Suppose 0 = u + 2*i - 370, -81*i + 746 = 2*u - 79*i. Calculate the remainder when 390 is divided by u.
14
Let m(x) = -x**3 + 76*x**2 + 403*x + 178. What is the remainder when 35 is divided by m(81)?
3
Let t(p) = -p**2 - 115*p - 2220. Calculate the remainder when t(-27) is divided by 70.
16
Suppose s - 196 = -q - 0*q, -3*q + 2*s = -613. Suppose q = 13*z - 59. What is the remainder when z is divided by 17?
3
Suppose 5*i = 2*j - 8, 70*i = 5*j + 74*i + 13. Suppose -2 = 2*w - 2*f, -2 = 2*f + 2. Calculate the remainder when -159*(2 + -3)/(w/j) is divided by 28.
25
Suppose 3*t + 318 = 5*y, 4*t + 3 = -2*y + 151. Suppose 0 = 50*p - 263 - 237. What is the remainder when y is divided by p?
6
Suppose 0 = 4*f + 3*p - 1165, -2*f + 3*p + 132 = -437. Calculate the remainder when f is divided by 174.
115
Suppose -89709 = -35*b - 16*b. What is the remainder when b is divided by 44?
43
Suppose -32*r = -25*r - 14. What is the remainder when 60 is divided by (6 + (-26)/r)*-1*3?
18
Let j = -538 + 380. Let f = 240 + j. What is the remainder when f is divided by 44?
38
Let v = -818 - -493. Let j = v - -524. Calculate the remainder when j is divided by 25.
24
Suppose -3*x + 2*x - 4 = 0. Let o = x - -43. Let f = 54 - o. What is the remainder when 41 is divided by f?
11
Suppose 2*z - o + 2 = 0, -2*z - 3*z + 3*o - 3 = 0. Let c be 3356/(-24) - z - 1/6. Let a = c - -196. Calculate the remainder when a is divided by 21.
17
Let q = -8815 + 8825. What is the remainder when 84 is divided by q?
4
Let n = -11 - -10. Let r be ((-6)/9 - (-505)/(-3))*n. Suppose 9 - r = -5*d. Calculate the remainder when 61 is divided by d.
29
Suppose -6*a + 4*a + 4*p + 32 = 0, -2*p + 26 = 2*a. Let n(x) = -2*x + 75. Calculate the remainder when n(a) is divided by 4.
3
Let b(q) = -q**2 - 6*q + 270. What is the remainder when 8053 is divided by b(-13)?
177
Let f(q) = q**3 - 2*q**2 + 2*q + 38. Let k be f(0). Suppose 336 + k = 17*p. Calculate the remainder when 104 is divided by p.
16
Suppose 63 = -3*a + 204. Calculate the remainder when 3100 is divided by a.
45
Suppose -32*b = -2*u - 37*b + 284, -2*u - 2*b + 266 = 0. Calculate the remainder when 297 is divided by u.
43
Let q(m) = m**2 - 11*m - 215. Suppose 0 = 1018*h - 1009*h - 252. Calculate the remainder when q(h) is divided by 14.
9
Suppose 3*w = 3*a - 5*a + 15, -2*a + 1 = w. Let j be ((-168)/(-32))/w*16/2. Suppose -j*x + 625 = -x. Calculate the remainder when x is divided by 18.
17
Let o(x) = -x**2 + 17*x + 27. What is the remainder when o(13) is divided by 21?
16
Suppose 16*m - 1843 - 4205 = 0. Suppose -145*u = -136*u - m. Calculate the remainder when (91 - 8)/(2/2) is divided by u.
41
Suppose 84 = 5*h + 49. Suppose -5*p - 4*l = -96 - h, -3*p + 60 = 3*l. What is the remainder when 63 is divided by p?
17
Let p = -5279 - -5286. What is the remainder when 67 is divided by p?
4
Suppose -2602*t = -2609*t + 11333. What is the remainder when t is divided by 336?
275
Suppose 389*n = 390*n - 23. Suppose -n*w + 64 = -15*w. What is the remainder when 63 is divided by w?
7
Let g(p) = 5*p**2 - 79*p + 1332. Calculate the remainder when g(0) is divided by 132.
12
Let k = 4 + -2. Suppose k*d - 6 = -0, -4*l - 2*d = -26. Suppose l*h - 2*h = 30. What is the remainder when 47 is divided by h?
7
Let b be ((1 - 3) + 0)/(18/(-3339)). Suppose -5*o - 2*m + 383 = 0, -25*o + 30*o = m + b. Calculate the remainder when o is divided by 11.
9
Let v = -22 - -24. Let b(c) = -15*c - v - 4 + 0. Calculate the remainder when b(-3) is divided by 7.
4
Suppose -8634 = -111*g + 13*g + 5772. Let q(c) = 6*c + 1. What is the remainder when g is divided by q(4)?
22
Suppose 5*j - 116 = -2*y, 2*y - 96 = 136*j - 139*j. Let v = -5 - -12. Calculate the remainder when y is divided by v.
5
Suppose t = z - 21, 31 = 2*z + 4*t - 5. Calculate the remainder when ((-8)/z*2)/((-38)/3895) is divided by 4.
2
Suppose -4*u + 840 = -260. Suppose 47*k = -45*k + 1178 + 1674. What is the remainder when u is divided by k?
27
Let f(b) = -36*b**3 - 9*b**2 + b + 11. Let u(r) = 9*r**3 + 2*r**2 - 3. Let o(k) = 6*f(k) + 26*u(k). What is the remainder when o(2) is divided by 28?
24
Let p(v) = 10*v**2 - 4*v + 3. Calculate the remainder when p(2) is divided by (7/28)/(3 + (-188)/64).
3
Let m = -6011 - -6363. What is the remainder when m is divided by 80?
32
Let l = 3389 + -3360. What is the remainder when 3217 is divided by l?
27
Suppose 2*q - 426 = -2*q + 2*o, 5*q - 3*o = 533. What is the remainder when (-18)/24*q*-2 is divided by 41?
36
Let u = 40 + 88. Let d = -3 - -11. What is the remainder when 1/(0 + -1) + u/4 is divided by d?
7
Let w = -87 + 107. Let r = w - 13. Let i = 65 + -26. Calculate the remainder when i is divided by r.
4
Let k(j) = -17*j - 9*j**2 + 3*j**3 - j**2 - 4*j**3. What is the remainder when 62 is divided by k(-8)?
6
Calculate the remainder when 3414 is divided by (-45)/(-5)*(-70)/(-45).
12
Suppose 4*l + 80 = -64. Let k = -13 - l. Calculate the remainder when k is divided by -13 + 2 + 10 - (-9 - -6).
1
Suppose 0 = -5*z + 108*z - 14317. Calculate the remainder when 567 is divided by z.
11
Let n(a) = a**2 + 31*a - 270. What is the remainder when 122 is divided by n(-39)?
38
Suppose 90*k - 81*k - 1899 = 0. Let v = k - 197. Calculate the remainder when 45 is divided by v.
3
Let u = 11643 + -11156. What is the remainder when u is divided by 360?
127
What is the remainder when 2555 is divided by 56*(7 - (-4)/((-56)/82))?
59
Let m(q) = 40*q**3 - 23*q**2 + 38*q - 10. What is the remainder when m(5) is divided by 12?
9
Let c = 41 + -54. Let k be 2/c + (-216)/(-52). What is the remainder when (-3)/k - (-4466)/88 is divided by 18?
14
Suppose -3096 = -3240*f + 3228*f. Calculate the remainder when f is divided by 10.
8
Let q = 522 + -291. Suppose 3*u + 0*k + 3*k = 126, 0 = 5*u - 2*k - q. Calculate the remainder when (-8766)/(-66) + (-4)/(-22) is divided by u.
43
Suppose -13*w + 936 = -2171. Suppose 0 = -0*v - 2*v + 164. What is the remainder when w is divided by v?
75
Suppose 5*u + 96 = 3*v + 14, 0 = -4*v + 5*u + 101. Calculate the remainder when 265 is divided by v.
18
Let j(t) = t**2 + 17*t - 3318. Calculate the remainder when j(66) is divided by 103.
100
Suppose -4*g + 8 = 0, 45 = -4*m + 4*g + 189. Suppose m*y - 1749 = 5*y. Suppose 36 = -2*b + 4*b. Calculate the remainder when y is divided by b.
17
Let v(x) = 65*x**2 - 2*x + 1. Let q be v(1). Let p(r) = 11*r**2 + 13*r - 21. Let w be p(2). Let s = q - w. What is the remainder when s is divided by 10?
5
Suppose -5*s + 100 = -40*m + 37*m, s + 5*m = 20. Calculate the remainder when 1048 is divided by s.
8
Let b be -4*1*164/(-8). Suppose b = 2*p - 4*s, 0 = -2*p + 5*p - 3*s - 129. Calculate the remainder when p is divided by 12.
9
Let v = -4 + 38. Let a(x) = 17*x - 121. Let c be a(21). Suppose c = w + 103. Calculate the remainder when w is divided by v.
31
Suppose 5*v = a + 54 - 207, -2*a + 4*v = -324. Suppose -13*m + a = 8*m. Let d = 96 + -44. What is the remainder when d is divided by m?
4
Let b = 223 + -161. Let u = -174 - -199. What is the remainder when b is divided by u?
12
What is the remainder when (-444)/(-185) - (-6)/10 - -1074 is divided by 22?
21
Let h = 192 - 190. Suppose h*a - 4*y - 18 = 0, 2*a + 14*y = 9*y - 9. Calculate the remainder when 19 is divided by a.
1
Suppose -290*m + 177*m + 2486 = 0. What is the remainder when 100 is divided by m?
12
Let v be (7 + -9)*(0 - (61 - 1)). Let l = 135 - v. Calculate the remainder when 118 is di